the thousands digit of 352867?
2
What is the tens digit of 13546293?
9
What is the units digit of 11577118?
8
What is the ten millions digit of 32222890?
3
What is the hundreds digit of 3246393?
3
What is the thousands digit of 9850223?
0
What is the tens digit of 221971?
7
What is the units digit of 464469?
9
What is the thousands digit of 52975?
2
What is the hundred thousands digit of 294212?
2
What is the hundred thousands digit of 1826175?
8
What is the hundred thousands digit of 986786?
9
What is the ten thousands digit of 313623?
1
What is the tens digit of 113699?
9
What is the hundred thousands digit of 3139399?
1
What is the ten thousands digit of 678693?
7
What is the thousands digit of 410218?
0
What is the hundred thousands digit of 1593609?
5
What is the ten thousands digit of 12753477?
5
What is the units digit of 3323378?
8
What is the tens digit of 420478?
7
What is the tens digit of 73428?
2
What is the thousands digit of 270431?
0
What is the tens digit of 74383?
8
What is the units digit of 87274?
4
What is the millions digit of 5240533?
5
What is the tens digit of 6394257?
5
What is the hundred thousands digit of 118853?
1
What is the hundred thousands digit of 1601234?
6
What is the ten thousands digit of 362807?
6
What is the thousands digit of 83854?
3
What is the thousands digit of 4331998?
1
What is the tens digit of 11108963?
6
What is the tens digit of 82994?
9
What is the hundreds digit of 483370?
3
What is the units digit of 273368?
8
What is the ten thousands digit of 369012?
6
What is the hundreds digit of 25232057?
0
What is the hundred thousands digit of 963211?
9
What is the millions digit of 16072152?
6
What is the hundreds digit of 46535?
5
What is the thousands digit of 360181?
0
What is the tens digit of 11121935?
3
What is the thousands digit of 198966?
8
What is the units digit of 4248393?
3
What is the hundred thousands digit of 752528?
7
What is the ten thousands digit of 839444?
3
What is the ten thousands digit of 9636170?
3
What is the hundred thousands digit of 10810837?
8
What is the hundred thousands digit of 242613?
2
What is the units digit of 3560609?
9
What is the units digit of 2142923?
3
What is the ten thousands digit of 351807?
5
What is the ten thousands digit of 2158306?
5
What is the ten thousands digit of 1197794?
9
What is the tens digit of 4572256?
5
What is the tens digit of 6521323?
2
What is the units digit of 1143173?
3
What is the hundreds digit of 10747975?
9
What is the ten thousands digit of 9346332?
4
What is the millions digit of 1003552?
1
What is the tens digit of 15351389?
8
What is the tens digit of 868345?
4
What is the hundred thousands digit of 3319424?
3
What is the hundreds digit of 2817425?
4
What is the hundreds digit of 2733991?
9
What is the ten thousands digit of 86105?
8
What is the ten thousands digit of 1565792?
6
What is the thousands digit of 274433?
4
What is the hundred thousands digit of 1468031?
4
What is the tens digit of 280041?
4
What is the units digit of 59582?
2
What is the tens digit of 10178275?
7
What is the units digit of 19665857?
7
What is the hundreds digit of 9673249?
2
What is the hundred thousands digit of 1704191?
7
What is the millions digit of 13968909?
3
What is the hundred thousands digit of 12813651?
8
What is the hundred thousands digit of 8948916?
9
What is the hundred thousands digit of 186139?
1
What is the tens digit of 114480?
8
What is the ten thousands digit of 1217259?
1
What is the ten thousands digit of 17130?
1
What is the ten thousands digit of 66003?
6
What is the hundred thousands digit of 901836?
9
What is the ten thousands digit of 4516069?
1
What is the ten thousands digit of 17003182?
0
What is the ten millions digit of 14157824?
1
What is the millions digit of 2657199?
2
What is the tens digit of 4616030?
3
What is the tens digit of 303576?
7
What is the thousands digit of 2356704?
6
What is the ten thousands digit of 214418?
1
What is the ten thousands digit of 2738860?
3
What is the ten thousands digit of 2753208?
5
What is the hundreds digit of 129220?
2
What is the tens digit of 118709?
0
What is the units digit of 2721917?
7
What is the tens digit of 2807375?
7
What is the units digit of 31506085?
5
What is the hundreds digit of 96696?
6
What is the hundred thousands digit of 2650403?
6
What is the thousands digit of 269160?
9
What is the hundreds digit of 114855?
8
What is the millions digit of 7383237?
7
What is the thousands digit of 97883?
7
What is the hundred thousands digit of 736461?
7
What is the millions digit of 1782097?
1
What is the ten thousands digit of 295368?
9
What is the thousands digit of 37435?
7
What is the tens digit of 111435?
3
What is the ten thousands digit of 2213414?
1
What is the ten thousands digit of 1024503?
2
What is the hundreds digit of 2864340?
3
What is the hundred thousands digit of 244174?
2
What is the units digit of 3422425?
5
What is the thousands digit of 1533193?
3
What is the hundreds digit of 215742?
7
What is the tens digit of 154643?
4
What is the tens digit of 245022?
2
What is the tens digit of 1057659?
5
What is the ten thousands digit of 8255363?
5
What is the ten thousands digit of 1331540?
3
What is the units digit of 24914?
4
What is the units digit of 16581?
1
What is the millions digit of 1496890?
1
What is the tens digit of 48674?
7
What is the ten thousands digit of 1913045?
1
What is the hundreds digit of 226994?
9
What is the thousands digit of 5527874?
7
What is the units digit of 212121?
1
What is the tens digit of 400210?
1
What is the thousands digit of 383857?
3
What is the units digit of 3915534?
4
What is the tens digit of 3934747?
4
What is the units digit of 12090262?
2
What is the thousands digit of 17252126?
2
What is the millions digit of 33511863?
3
What is the hundred thousands digit of 254778?
2
What is the hundreds digit of 34651?
6
What is the units digit of 3652310?
0
What is the units digit of 203314?
4
What is the ten thousands digit of 734804?
3
What is the tens digit of 1281029?
2
What is the thousands digit of 2446141?
6
What is the units digit of 3478004?
4
What is the hundreds digit of 16930079?
0
What is the ten thousands digit of 36812522?
1
What is the hundred thousands digit of 177901?
1
What is the tens digit of 313872?
7
What is the ten thousands digit of 2492567?
9
What is the hundreds digit of 811395?
3
What is the units digit of 57383?
3
What is the thousands digit of 412033?
2
What is the thousands digit of 274751?
4
What is the tens digit of 650790?
9
What is the tens digit of 41848?
4
What is the tens digit of 317818?
1
What is the tens digit of 305583?
8
What is the hundred thousands digit of 3636705?
6
What is the ten thousands digit of 195764?
9
What is the thousands digit of 1442584?
2
What is the thousands digit of 712893?
2
What is the ten thousands digit of 9308263?
0
What is the hundred thousands digit of 2547795?
5
What is the thousands digit of 805750?
5
What is the ten thousands digit of 220863?
2
What is the units digit of 11501892?
2
What is the hundred thousands digit of 1943806?
9
What is the units digit of 1974179?
9
What is the tens digit of 21608252?
5
What is the hundred thousands digit of 377412?
3
What is the hundreds digit of 682794?
7
What is the thousands digit of 153358?
3
What is the units digit of 1035959?
9
What is the thousands digit of 5067894?
7
What is the hundred thousands digit of 1042821?
0
What is the ten thousands digit of 2124986?
2
What is the ten thousands digit of 118721?
1
What is the ten thousands digit of 22175850?
7
What is the ten thousands digit of 369988?
6
What is the hundreds digit of 3712314?
3
What is the hundreds digit of 485614?
6
What is the hundred thousands digit of 594755?
5
What is the tens digit of 272765?
6
What is the hundreds digit of 560022?
0
What is the tens digit of 20643231?
3
What is the thousands digit of 3288728?
8
What is the ten thousands digit of 670315?
7
What is the hundred thousands digit of 3103432?
1
What is the hundreds digit of 178545?
5
What is the thousands digit of 1036723?
6
What is the hundreds digit of 27397269?
2
What is the thousands digit of 245696?
5
What is the thousands digit of 414909?
4
What is the ten thous